inder when 1660 is divided by 402?
52
What is the remainder when 62256 is divided by 2705?
41
Calculate the remainder when 1080472 is divided by 77.
8
Calculate the remainder when 17696 is divided by 31.
26
Calculate the remainder when 2860 is divided by 2841.
19
What is the remainder when 76936 is divided by 223?
1
Calculate the remainder when 411937 is divided by 466.
459
What is the remainder when 5495 is divided by 100?
95
What is the remainder when 6930 is divided by 204?
198
Calculate the remainder when 71129 is divided by 35555.
19
What is the remainder when 14378 is divided by 4792?
2
Calculate the remainder when 5629 is divided by 137.
12
Calculate the remainder when 1278719 is divided by 185.
184
Calculate the remainder when 396563 is divided by 28.
27
What is the remainder when 66493 is divided by 157?
82
Calculate the remainder when 4556 is divided by 902.
46
What is the remainder when 185733 is divided by 1206?
9
Calculate the remainder when 8101 is divided by 1096.
429
Calculate the remainder when 16604 is divided by 664.
4
What is the remainder when 515369 is divided by 572?
569
Calculate the remainder when 397851 is divided by 28.
27
Calculate the remainder when 112553 is divided by 5.
3
Calculate the remainder when 223255 is divided by 31893.
4
What is the remainder when 191145 is divided by 3982?
9
What is the remainder when 5099 is divided by 1272?
11
Calculate the remainder when 21966 is divided by 33.
21
What is the remainder when 387976 is divided by 1498?
1492
What is the remainder when 160957 is divided by 21?
13
Calculate the remainder when 183139 is divided by 9.
7
What is the remainder when 23323 is divided by 48?
43
Calculate the remainder when 524872 is divided by 37490.
12
What is the remainder when 1388384 is divided by 949?
946
What is the remainder when 2704 is divided by 1112?
480
What is the remainder when 245500 is divided by 82?
74
Calculate the remainder when 61990 is divided by 30980.
30
What is the remainder when 20725 is divided by 20725?
0
Calculate the remainder when 1422 is divided by 13.
5
What is the remainder when 1770296 is divided by 41?
39
What is the remainder when 9683 is divided by 75?
8
What is the remainder when 66633 is divided by 824?
713
What is the remainder when 1524984 is divided by 281?
278
Calculate the remainder when 7200 is divided by 301.
277
Calculate the remainder when 25838 is divided by 8.
6
What is the remainder when 873 is divided by 72?
9
What is the remainder when 1985 is divided by 1782?
203
Calculate the remainder when 15899 is divided by 300.
299
What is the remainder when 111790 is divided by 15?
10
Calculate the remainder when 18203 is divided by 253.
240
What is the remainder when 34694 is divided by 24?
14
Calculate the remainder when 425914 is divided by 212935.
44
What is the remainder when 515706 is divided by 79?
73
Calculate the remainder when 234373 is divided by 56.
13
Calculate the remainder when 4215 is divided by 622.
483
What is the remainder when 4845 is divided by 72?
21
What is the remainder when 68351 is divided by 17?
11
Calculate the remainder when 123097 is divided by 112.
9
Calculate the remainder when 28959 is divided by 40.
39
What is the remainder when 12404 is divided by 6198?
8
Calculate the remainder when 401 is divided by 336.
65
Calculate the remainder when 4789 is divided by 199.
13
Calculate the remainder when 11078 is divided by 3433.
779
Calculate the remainder when 171261 is divided by 32.
29
What is the remainder when 5117 is divided by 1621?
254
What is the remainder when 3905 is divided by 1906?
93
What is the remainder when 4031 is divided by 3967?
64
Calculate the remainder when 8515 is divided by 945.
10
Calculate the remainder when 21729 is divided by 82.
81
What is the remainder when 433 is divided by 105?
13
What is the remainder when 1389850 is divided by 514?
508
Calculate the remainder when 3816 is divided by 811.
572
Calculate the remainder when 8784592 is divided by 9.
7
Calculate the remainder when 8349 is divided by 2034.
213
Calculate the remainder when 80184 is divided by 1909.
6
Calculate the remainder when 13441 is divided by 560.
1
Calculate the remainder when 11729 is divided by 14.
11
Calculate the remainder when 166942 is divided by 39.
22
Calculate the remainder when 529 is divided by 212.
105
What is the remainder when 13934 is divided by 71?
18
Calculate the remainder when 1417 is divided by 698.
21
What is the remainder when 3748 is divided by 155?
28
Calculate the remainder when 4846 is divided by 9.
4
What is the remainder when 68937 is divided by 71?
67
Calculate the remainder when 7564 is divided by 39.
37
What is the remainder when 15749 is divided by 90?
89
Calculate the remainder when 10238 is divided by 4851.
536
What is the remainder when 15234 is divided by 1689?
33
What is the remainder when 14139 is divided by 23?
17
Calculate the remainder when 240444 is divided by 40073.
6
What is the remainder when 33509 is divided by 5583?
11
Calculate the remainder when 10750 is divided by 3583.
1
Calculate the remainder when 430956 is divided by 5455.
11
Calculate the remainder when 8172 is divided by 210.
192
Calculate the remainder when 8781 is divided by 4349.
83
What is the remainder when 11346 is divided by 32?
18
Calculate the remainder when 7125 is divided by 74.
21
Calculate the remainder when 52560 is divided by 37.
20
What is the remainder when 219920 is divided by 369?
365
What is the remainder when 10025 is divided by 2504?
9
What is the remainder when 351677 is divided by 4089?
23
Calculate the remainder when 133254 is divided by 33307.
26
Calculate the remainder when 1095 is divided by 57.
12
Calculate the remainder when 64947 is divided by 15.
12
What is the remainder when 549290 is divided by 91548?
2
Calculate the remainder when 4075 is divided by 96.
43
Calculate the remainder when 136869 is divided by 68426.
17
Calculate the remainder when 136099 is divided by 1296.
19
Calculate the remainder when 208359 is divided by 40.
39
Calculate the remainder when 3270 is divided by 56.
22
What is the remainder when 29561 is divided by 896?
889
Calculate the remainder when 5887 is divided by 128.
127
What is the remainder when 1044 is divided by 178?
154
What is the remainder when 5622 is divided by 2540?
542
Calculate the remainder when 9591 is divided by 22.
21
Calculate the remainder when 512578 is divided by 725.
3
What is the remainder when 1841 is divided by 297?
59
What is the remainder when 3105 is divided by 85?
45
What is the remainder when 3626 is divided by 360?
26
What is the remainder when 2299 is divided by 391?
344
What is the remainder when 45558 is divided by 10?
8
What is the remainder when 15934 is divided by 398?
14
What is the remainder when 17303 is divided by 1729?
13
Calculate the remainder when 381 is divided by 123.
12
Calculate the remainder when 83076 is divided by 4371.
27
Calculate the remainder when 28220 is divided by 1045.
5
What is the remainder when 351 is divided by 121?
109
Calculate the remainder when 58511 is divided by 3249.
29
Calculate the remainder when 113313 is divided by 1922.
1837
What is the remainder when 18120 is divided by 394?
390
What is the remainder when 283 is divided by 3?
1
Calculate the remainder when 1235 is divided by 143.
91
What is the remainder when 25329 is divided by 12?
9
What is the remainder when 1557 is divided by 192?
21
What is the remainder when 78617 is divided by 57?
14
What is the remainder when 156 is divided by 38?
4
What is the remainder when 26310 is divided by 3757?
11
What is the remainder when 6765 is divided by 33?
0
What is the remainder when 7252 is divided by 3311?
630
Calculate the remainder when 11930 is divided by 851.
16
Calculate the remainder when 142764 is divided by 14276.
4
What is the remainder when 1502 is divided by 379?
365
What is the remainder when 76176 is divided by 26?
22
What is the remainder when 81826 is divided by 73?
66
What is the remainder when 3767 is divided by 5?
2
What is the remainder when 2198 is divided by 437?
13
What is the remainder when 1699 is divided by 732?
235
Calculate the remainder when 1691 is divided by 64.
27
What is the remainder when 1375 is divided by 1321?
